 40*h - 13. What is y(11)?
31
Let u(q) = 15*q + 2. What is u(1)?
17
Let x(u) = -3*u**2 + 3*u - 14. Give x(4).
-50
Let v(g) = -g**3 - 2*g**2 - 4*g - 3. Determine v(-2).
5
Let w(a) = -3*a**2 - 10*a - 29. What is w(-5)?
-54
Let f(g) = -4*g + 2. What is f(3)?
-10
Let f(w) = -w**2 + 9*w + 9. What is f(-3)?
-27
Let j(i) = -i - 3. Give j(-10).
7
Let t(x) = 3*x - 15. Give t(6).
3
Let l(v) = v**2 + 4*v + 7. What is l(-5)?
12
Let q(z) = -2*z**2 + 4*z - 9. What is q(3)?
-15
Let c(w) = -w**3 - 9*w**2 + 11*w. Determine c(-10).
-10
Let l(c) = -c**2 + 14*c - 5. Calculate l(13).
8
Let w(t) = -2*t**3 + 2*t**2 + 2*t - 2. What is w(2)?
-6
Let y(j) = 3*j + 3. What is y(2)?
9
Let r(a) = -a**3 - 9*a**2 - 2*a - 2. Calculate r(-9).
16
Let x(p) = -2*p - 10. Give x(-8).
6
Let p(b) = -b**3 - 11*b**2 - 26*b - 15. Determine p(-8).
1
Let z(g) = -g**3 - 6*g**2 - 7*g - 2. Give z(-4).
-6
Let u(v) = v**2 - 2*v + 9. Determine u(6).
33
Let c(y) = -y**3 + 11*y**2 + 5*y + 12. Give c(11).
67
Let b(h) = 3*h**3 + h + 2. Give b(-2).
-24
Let q(b) = -2*b + 8. Calculate q(-11).
30
Let a(z) = -z**3 + 3*z**2 + 4*z + 4. Calculate a(4).
4
Let q(j) = -48*j + 632. Give q(13).
8
Let v(c) = -c**3 - 2*c**2 - 8*c + 23. What is v(5)?
-192
Let o(r) = r**3 + 22*r**2 + 41*r + 20. Calculate o(-20).
0
Let j(d) = -d**3 + 16*d**2 + 1. Give j(16).
1
Let q(t) = -t**3 - 3*t**2 + 7*t + 8. Give q(-5).
23
Let p(m) = m**2 - 2*m - 1. What is p(2)?
-1
Let j(d) = -2*d - 65. Give j(-30).
-5
Let t(k) = 2*k**2 - 22*k - 5. Determine t(11).
-5
Let k(s) = s**3 + 3*s**2 - 3*s + 1. Give k(1).
2
Let u(b) = -27*b. What is u(-1)?
27
Let v(y) = 4*y - 10. Give v(6).
14
Let v(l) = l**2 + 10*l + 17. Determine v(-8).
1
Let i(n) = -n**2 - 16*n - 24. Determine i(-10).
36
Let u(c) = -2*c**2 - 10*c + 4. Give u(-6).
-8
Let c(x) = 2*x**2 - x - 14. Calculate c(0).
-14
Let w(v) = v**3 + 17*v**2 - 37*v + 25. Calculate w(-19).
6
Let r(t) = -2*t**3 + 2*t**2 + 4*t - 4. Give r(2).
-4
Let n(r) = r**3 + 16*r**2 + 5*r - 14. What is n(-15)?
136
Let n(x) = x**3 + 7*x**2 - 6*x + 5. Determine n(-8).
-11
Let v(i) = -i - 9. Calculate v(0).
-9
Let b(m) = 7*m + 3. Determine b(2).
17
Let i(v) = v**2 + 11*v + 29. Calculate i(-8).
5
Let w(q) = -2*q**2 - 9*q - 7. What is w(-4)?
-3
Let n(u) = u**3 + 3*u**2 - 3*u - 2. What is n(-3)?
7
Let c(d) = 2*d**3 - 4*d**2 + 8*d - 12. Calculate c(3).
30
Let r(x) = -x + 19. What is r(12)?
7
Let h(f) = -f**2 + 21*f + 160. Calculate h(27).
-2
Let v(a) = -a**2 + 19*a + 110. Give v(24).
-10
Let t(z) = -z**3 + 23*z**2 - 43*z + 17. Determine t(21).
-4
Let q(r) = 2*r**2 - 37*r + 22. Determine q(17).
-29
Let b(u) = -u + 21. What is b(14)?
7
Let w(s) = -s**2 + 39*s - 108. Calculate w(36).
0
Let s(w) = -w**3 - 13*w**2 - 10*w + 15. What is s(-12)?
-9
Let t(j) = 2*j**2 - 5*j + 9. What is t(2)?
7
Let k(a) = -a**2 + a. What is k(-2)?
-6
Let n(o) = -9*o - 104. What is n(-10)?
-14
Let g(w) = w**2 + 3*w + 1. Give g(-3).
1
Let h(v) = v**3 - v**2 + 2*v + 14. Give h(0).
14
Let c(h) = 4*h**2 - 19*h + 7. What is c(6)?
37
Let d(k) = -k**2 + 14*k + 17. Calculate d(8).
65
Let f(v) = v**3 - v**2 + 6*v - 31. Give f(3).
5
Let u(a) = a**3 + a**2 - a - 48. Calculate u(0).
-48
Let x(q) = -4*q + 2. What is x(6)?
-22
Let n(c) = c**3 + 14*c**2 - 2*c - 17. Calculate n(-14).
11
Let d(o) = o**3 - 10*o**2 - o + 2. Determine d(10).
-8
Let x(t) = t**2 - 9*t + 6. Determine x(9).
6
Let a(y) = -y**3 + 22*y**2 - 18*y - 46. Determine a(21).
17
Let j(m) = 4*m**2 + 30*m - 8. What is j(-8)?
8
Let n(d) = d**3 + d**2. Calculate n(2).
12
Let m(y) = -7*y - 3. Give m(2).
-17
Let w(o) = 6*o + 2. What is w(12)?
74
Let l(n) = 3*n**2 + 22*n + 28. What is l(-5)?
-7
Let p(w) = 4*w**2 + 10*w + 7. What is p(-5)?
57
Let t(a) = -11*a - 157. What is t(-14)?
-3
Let y(d) = -2*d**2 - 17*d + 4. What is y(-8)?
12
Let f(s) = -s**2 - 2*s - 13. What is f(-4)?
-21
Let n(a) = a**2 + 2*a - 4. Give n(3).
11
Let f(c) = 3*c - 8. Give f(3).
1
Let i(a) = -a**3 - 8*a**2 + 5*a + 25. What is i(-8)?
-15
Let z(q) = 3*q - 67. Determine z(13).
-28
Let x(b) = 3*b**2 + 9*b. Determine x(-6).
54
Let i(l) = -l**3 + 11*l**2 - 11*l + 8. Calculate i(10).
-2
Let u(m) = m**3 + 15*m**2 + 24*m - 42. Calculate u(-13).
-16
Let o(u) = 44*u**2 - u + 1. What is o(2)?
175
Let a(g) = -21*g**2 - 4*g + 5. Give a(1).
-20
Let p(z) = 15*z - 266. What is p(18)?
4
Let o(q) = -39*q + 308. Calculate o(8).
-4
Let k(z) = -z**3 - 5*z**2 - z + 5. Give k(-5).
10
Let i(k) = 50*k - 344. Give i(7).
6
Let o(s) = -s**3 - 3*s**2 + 3*s - 6. Determine o(-5).
29
Let u(q) = -q**2 + 7*q - 5. What is u(-7)?
-103
Let z(v) = v**3 + 44*v**2 + 44*v + 38. Determine z(-43).
-5
Let o(w) = -w**3 + 5*w**2 - 3*w - 4. Calculate o(4).
0
Let k(y) = 2*y**3 + 3*y**2 + 2*y - 2. Calculate k(-2).
-10
Let m(t) = -t**2 + 45*t - 452. What is m(27)?
34
Let r(l) = 2*l**2 + 51*l + 41. What is r(-25)?
16
Let t(r) = -2*r + 10. What is t(6)?
-2
Let v(f) = 55*f + 182. Give v(-3).
17
Let u(t) = t**3 + 13*t**2 + 2*t + 15. Calculate u(-13).
-11
Let t(p) = p**2 - 50*p - 382. Determine t(57).
17
Let m(v) = -v**3 - 10*v**2 - 25*v - 24. Give m(-7).
4
Let r(v) = v**3 - 2*v - 1. Give r(-2).
-5
Let b(x) = -2*x**2 - 8*x. Give b(0).
0
Let f(k) = -k**3 + 10*k**2 + 14*k - 16. Determine f(11).
17
Let w(p) = p**2 - 10*p - 20. What is w(11)?
-9
Let z(d) = -4*d + 2. Give z(-5).
22
Let c(b) = 7*b**3 - 17*b**2 + 2*b - 1. Determine c(2).
-9
Let j(a) = 40*a - 330. Give j(8).
-10
Let t(g) = g**3 - 6*g**2 + 5*g - 5. Determine t(3).
-17
Let a(g) = 2*g**2 - 3*g + 8. What is a(5)?
43
Let h(o) = -o**3 + 4*o**2 + o - 1. Determine h(4).
3
Let g(h) = -h**3 + 7*h**2 - 7*h + 6. What is g(6)?
0
Let q(o) = o**3 + 4*o**2 + o - 1. Calculate q(-3).
5
Let l(o) = -5*o - 102. Give l(-23).
13
Let y(m) = 14*m + 297. Determine y(-25).
-53
Let t(p) = -p**2 - 4*p + 55. Determine t(-10).
-5
Let f(w) = -3*w**2 - 7*w + 34. Calculate f(-8).
-102
Let t(k) = -185*k - 6. Give t(-1).
179
Let b(w) = -w**3 - 23*w**2 + 30*w - 30. Determine b(-24).
-174
Let g(f) = -f**2 + 17*f - 30. Determine g(14).
12
Let l(m) = 4*m + 3. What is l(-2)?
-5
Let f(k) = -2*k**3 - 8*k**2 + 4*k + 13. Calculate f(-4).
-3
Let c(v) = -36*v**2 + 6*v + 4. What is c(-1)?
-38
Let a(i) = i**3 + 7*i**2 + 2*i - 17. What is a(-7)?
-31
Let o(z) = -2*z**3 + 46*z**2 + 44*z + 35. Calculate o(24).
-61
Let s(p) = -p**3 + 10*p**2 - 6*p + 9. Determine s(10).
-51
Let u(x) = 6*x**2 + x. Calculate u(-1).
5
Let q(y) = 2*y**3 - 36*y**2 - 35*y - 31. Calculate q(19).
26
Let k(q) = -q**2 - 9*q - 3. Calculate k(-6).
15
Let u(o) = -3*o**2 + 6*o - 7. Calculate u(3).
-16
Let f(a) = -a**2 + 14*a - 35. Determine f(16).
-67
Let m(q) = q - 2. Determine m(3).
1
Let f(i) = -2*i + 1. Calculate f(-3).
7
Let b(l) = -l**2 + 15*l - 35. Give b(3).
1
Let x(t) = -5*t**2 + 25*t + 6. Calculate x(5).
6
Let d(n) = -n**3 - 4*n**2 + 6*n + 7. Determine d(-4).
-17
Let i(x) = x**3 - 9*x**2 - 11*x + 14. Determine i(10).
4
Let k(o) = 39*o - 1. Give k(1).
38
Let c(v) = v**3 - 5*v**2 + 4*v - 9. Calculate c(5).
11
Let w(l) = -l**2 - 5*l + 2. Give w(-3).
8
Let g(r) = 2*r - 1. Determine g(-3).
-7
Let s(p) = -2*p**2 + 8*p + 3. Determine s(4).
3
Let t(c) = 7*c**2 + 4*c - 3. Give t(-3).
48
Let g(r) = 20*r + 94. What is g(-5)?
-6
Let z(k) = -k**3 + 7*k**2 - 45. Calculate z(6).
-9
Let l(n) = -n**2 + 28*n + 90. Determine l(30).
30
Let b(q) = -129*q + 1544. Give b(12).
-4
Let k(j) = j**2 + 4*j + 4. Give k(-2).
0
Let m(s) = -s**3 + 4*s**2 + 3*s - 7. What is m(4)?
5
Let i(y) = -y**3 + 10*y**2 - 5*y - 4. Calculate i(9).
32
Let n(c) = -33*c + 95. Give n(3).
-4
Let w(f) = -f**2 + 5*f + 39. Determine w(9).
3
Let m(w) = 4*w + 16. Give m(-7).
-12
Let a(r) = r - 16. Give a(36).
20
Let j(p) = -36*p**3 + p**2 - p + 1. What is j(1)?
-35
Let g(j) = -j - 1. What is g(6)?
-7
Let n(k) = -k**2 + 18*k - 70. Calculate n(12).
2
Let k(r) = 2*r**2 + 20*r - 1. Determine k(-10).
-1
Let b(u) = u**3 + 6*u**2 + 7*u + 5. Give b(-4).
9
Let i(s) = 28*s - 61. Calculate i(4).
51
Let x(v) = v**2 + 44*v + 56. What is x(-43)?
13
Let t(h) = -40*h**3 - h. Calculate t(1).
-41
Let k(g) = g + 47. What is k(14)?
61
Let f(s) = s**3 + 22*s**2 + 22*s + 49. Determine f(-21).
28
Let x(u) = -u**3 + 2*u**2 - 7*u + 16. What is x(5)?
-94
Let i(p) = p + 9. What is i(-5)?
4
Let i(o) = -2*o**2 + 9*o + 130. Determine i(-6).
4
Let g(b) = -2*b - 8. Give g(-4).
0
Let l(t) = -